57
List the prime factors of 40.
2, 5
What are the prime factors of 7331?
7331
What are the prime factors of 1698?
2, 3, 283
List the prime factors of 2450.
2, 5, 7
What are the prime factors of 3290?
2, 5, 7, 47
What are the prime factors of 9771?
3, 3257
List the prime factors of 861.
3, 7, 41
List the prime factors of 563.
563
List the prime factors of 12818.
2, 13, 17, 29
What are the prime factors of 6625?
5, 53
List the prime factors of 15952.
2, 997
List the prime factors of 1195.
5, 239
List the prime factors of 251.
251
List the prime factors of 98511.
3, 7, 4691
What are the prime factors of 2299?
11, 19
What are the prime factors of 11346?
2, 3, 31, 61
List the prime factors of 35985.
3, 5, 2399
List the prime factors of 17398.
2, 8699
What are the prime factors of 30054?
2, 3, 5009
What are the prime factors of 102302?
2, 51151
List the prime factors of 2446.
2, 1223
What are the prime factors of 180?
2, 3, 5
List the prime factors of 9784.
2, 1223
List the prime factors of 156699.
3, 23, 757
What are the prime factors of 34649?
34649
List the prime factors of 338.
2, 13
What are the prime factors of 1167?
3, 389
List the prime factors of 708.
2, 3, 59
List the prime factors of 11232.
2, 3, 13
What are the prime factors of 2222?
2, 11, 101
What are the prime factors of 8911?
7, 19, 67
What are the prime factors of 59431?
103, 577
What are the prime factors of 11195?
5, 2239
List the prime factors of 42016.
2, 13, 101
List the prime factors of 55976.
2, 6997
What are the prime factors of 11954?
2, 43, 139
List the prime factors of 2201.
31, 71
What are the prime factors of 1893?
3, 631
What are the prime factors of 2400?
2, 3, 5
What are the prime factors of 62961?
3, 31, 677
List the prime factors of 4185.
3, 5, 31
List the prime factors of 3930.
2, 3, 5, 131
List the prime factors of 1162.
2, 7, 83
List the prime factors of 2146.
2, 29, 37
List the prime factors of 39484.
2, 9871
What are the prime factors of 5344?
2, 167
List the prime factors of 2833.
2833
List the prime factors of 26000.
2, 5, 13
What are the prime factors of 2252?
2, 563
What are the prime factors of 4512?
2, 3, 47
List the prime factors of 3381.
3, 7, 23
What are the prime factors of 8501?
8501
What are the prime factors of 2281?
2281
What are the prime factors of 39735?
3, 5, 883
What are the prime factors of 1033?
1033
List the prime factors of 7295.
5, 1459
List the prime factors of 61606.
2, 30803
What are the prime factors of 39345?
3, 5, 43, 61
What are the prime factors of 2872?
2, 359
List the prime factors of 2011.
2011
What are the prime factors of 44451?
3, 11, 449
List the prime factors of 43052.
2, 47, 229
What are the prime factors of 3552?
2, 3, 37
What are the prime factors of 276?
2, 3, 23
What are the prime factors of 2245?
5, 449
What are the prime factors of 1003?
17, 59
List the prime factors of 147.
3, 7
What are the prime factors of 8118?
2, 3, 11, 41
What are the prime factors of 16267?
16267
What are the prime factors of 18372?
2, 3, 1531
What are the prime factors of 6930?
2, 3, 5, 7, 11
List the prime factors of 4995.
3, 5, 37
List the prime factors of 31807.
17, 1871
What are the prime factors of 4503?
3, 19, 79
What are the prime factors of 2648?
2, 331
What are the prime factors of 11299?
11299
List the prime factors of 8299.
43, 193
What are the prime factors of 15503?
37, 419
List the prime factors of 19161.
3, 2129
What are the prime factors of 10811?
19, 569
List the prime factors of 859.
859
What are the prime factors of 6022?
2, 3011
What are the prime factors of 4073?
4073
List the prime factors of 6602.
2, 3301
List the prime factors of 45629.
103, 443
List the prime factors of 1740.
2, 3, 5, 29
What are the prime factors of 2817?
3, 313
What are the prime factors of 25525?
5, 1021
What are the prime factors of 62879?
227, 277
What are the prime factors of 2135?
5, 7, 61
List the prime factors of 3139.
43, 73
What are the prime factors of 468?
2, 3, 13
List the prime factors of 30492.
2, 3, 7, 11
What are the prime factors of 64305?
3, 5, 1429
What are the prime factors of 12702?
2, 3, 29, 73
What are the prime factors of 190179?
3, 11, 17, 113
What are the prime factors of 25657?
25657
What are the prime factors of 16381?
16381
What are the prime factors of 261?
3, 29
List the prime factors of 46985.
5, 9397
What are the prime factors of 2344?
2, 293
List the prime factors of 27549.
3, 3061
List the prime factors of 114.
2, 3, 19
What are the prime factors of 3330?
2, 3, 5, 37
What are the prime factors of 185?
5, 37
List the prime factors of 1999.
1999
List the prime factors of 512.
2
List the prime factors of 21672.
2, 3, 7, 43
What are the prime factors of 1432?
2, 179
List the prime factors of 2688.
2, 3, 7
List the prime factors of 418.
2, 11, 19
List the prime factors of 28998.
2, 3, 179
List the prime factors of 5129.
23, 223
List the prime factors of 22591.
19, 29, 41
What are the prime factors of 144663?
3, 48221
What are the prime factors of 700?
2, 5, 7
List the prime factors of 1318.
2, 659
List the prime factors of 1563.
3, 521
What are the prime factors of 38851?
38851
List the prime factors of 8277.
3, 31, 89
What are the prime factors of 16992?
2, 3, 59
What are the prime factors of 40299?
3, 7, 19, 101
What are the prime factors of 652?
2, 163
List the prime factors of 6450.
2, 3, 5, 43
List the prime factors of 144007.
17, 43, 197
List the prime factors of 3329.
3329
List the prime factors of 8058.
2, 3, 17, 79
List the prime factors of 7123.
17, 419
What are the prime factors of 10509?
3, 31, 113
List the prime factors of 5227.
5227
What are the prime factors of 119719?
19, 6301
What are the prime factors of 3061?
3061
What are the prime factors of 187300?
2, 5, 1873
List the prime factors of 38865.
3, 5, 2591
What are the prime factors of 8981?
7, 1283
What are the prime factors of 46698?
2, 3, 43, 181
List the prime factors of 5342.
2, 2671
List the prime factors of 4.
2
List the prime factors of 1093.
1093
What are the prime factors of 64115?
5, 12823
What are the prime factors of 59025?
3, 5, 787
What are the prime factors of 8611?
79, 109
List the prime factors of 113059.
167, 677
List the prime factors of 54753.
3, 18251
What are the prime factors of 1710?
2, 3, 5, 19
What are the prime factors of 605?
5, 11
What are the prime factors of 1125?
3, 5
List the prime factors of 4854.
2, 3, 809
What are the prime factors of 1766?
2, 883
List the prime factors of 139.
139
List the prime factors of 1170.
2, 3, 5, 13
List the prime factors of 1432.
2, 179
List the prime factors of 39265.
5, 7853
What are the prime factors of 147948?
2, 3, 12329
List the prime factors of 92064.
2, 3, 7, 137
List the prime factors of 58985.
5, 47, 251
What are the prime factors of 885?
3, 5, 59
List the prime factors of 8508.
2, 3, 709
What are the prime factors of 533?
13, 41
What are the prime factors of 853?
853
What are the prime factors of 4786?
2, 2393
What are the prime factors of 26512?
2, 1657
List the prime factors of 5642.
2, 7, 13, 31
List the prime factors of 4854.
2, 3, 809
List the prime factors of 36947.
36947
List the prime factors of 2293.
2293
List the prime factors of 18127.
18127
List the prime factors of 3059.
7, 19, 23
List the prime factors of 4417.
7, 631
List the prime factors of 1564.
2, 17, 23
What are the prime factors of 18656?
2, 11, 53
What are the prime factors of 15018?
2, 3, 2503
List the prime factors of 3475.
5, 139
What are the prime factors of 124590?
2, 3, 5, 4153
List the prime factors of 7026.
2, 3, 1171
What are the prime factors of 15860?
2, 5, 13, 61
What are the prime factors of 2198?
2, 7, 157
List the prime factors of 12989.
31, 419
List the prime factors of 24428.
2, 31, 197
What are the prime factors of 20135?
5, 4027
List the prime factors of 10828.
2, 2707
What are the prime factors of 25242?
2, 3, 7, 601
What are the prime factors of 7463?
17, 439
What are the prime factors of 109151?
7, 31, 503
What are the prime factors of 1044?
2, 3, 29
What are the prime factors of 862?
2, 431
List the prime factors of 19600.
2, 5, 7
List the prime factors of 6664.
2, 7, 17
What are the prime factors of 1013?
1013
List the prime factors of 1250.
2, 5
List the prime factors of 40